ase 8) to base 4
-3
-34 (base 13) to base 4
-223
What is 3 (base 11) in base 5?
3
What is 6 (base 8) in base 14?
6
What is -3 (base 10) in base 14?
-3
Convert -bb (base 13) to base 3.
-12201
Convert 302 (base 6) to base 2.
1101110
77 (base 12) to base 6
231
What is 1d (base 14) in base 7?
36
What is 3 (base 15) in base 10?
3
Convert -116 (base 12) to base 11.
-138
73 (base 9) to base 11
60
Convert -4 (base 9) to base 15.
-4
Convert 35 (base 10) to base 14.
27
-2110 (base 3) to base 5
-231
-80 (base 14) to base 5
-422
What is -323 (base 4) in base 16?
-3b
414 (base 5) to base 8
155
Convert -130 (base 8) to base 4.
-1120
-3 (base 16) to base 3
-10
48 (base 16) to base 15
4c
What is -4 (base 9) in base 10?
-4
What is 17 (base 9) in base 6?
24
What is -12 (base 3) in base 16?
-5
22 (base 4) to base 6
14
What is -5 (base 13) in base 6?
-5
-2c (base 16) to base 10
-44
Convert 11 (base 4) to base 13.
5
What is 212 (base 3) in base 12?
1b
What is -e (base 15) in base 16?
-e
What is -112 (base 3) in base 15?
-e
What is 16 (base 8) in base 13?
11
-17 (base 11) to base 9
-20
Convert 11 (base 5) to base 7.
6
Convert -100010111 (base 2) to base 13.
-186
What is 10 (base 5) in base 9?
5
1 (base 3) to base 11
1
Convert 3 (base 9) to base 5.
3
122 (base 6) to base 7
101
100001 (base 2) to base 15
23
-2 (base 11) to base 4
-2
3 (base 8) to base 12
3
-7 (base 9) to base 3
-21
Convert -1 (base 2) to base 10.
-1
What is 1 (base 11) in base 12?
1
What is 23 (base 4) in base 9?
12
-4 (base 9) to base 13
-4
What is -7 (base 9) in base 5?
-12
Convert 1312 (base 4) to base 10.
118
Convert -20 (base 4) to base 10.
-8
-1 (base 14) to base 12
-1
Convert -174 (base 13) to base 15.
-129
What is 26 (base 8) in base 6?
34
What is 2 (base 16) in base 9?
2
2 (base 14) to base 7
2
Convert -66 (base 12) to base 4.
-1032
Convert -4 (base 10) to base 15.
-4
Convert 10 (base 14) to base 5.
24
2 (base 16) to base 2
10
Convert -145 (base 12) to base 6.
-525
Convert 112 (base 3) to base 7.
20
-5 (base 11) to base 12
-5
Convert -1111 (base 4) to base 3.
-10011
What is 1001 (base 3) in base 6?
44
What is 2 (base 16) in base 2?
10
Convert 133 (base 10) to base 5.
1013
Convert b1 (base 13) to base 15.
99
What is -73 (base 8) in base 9?
-65
316 (base 8) to base 10
206
44 (base 11) to base 13
39
What is 3 (base 8) in base 2?
11
What is -20 (base 16) in base 4?
-200
-1 (base 10) to base 15
-1
What is 45 (base 15) in base 3?
2102
Convert 2a (base 13) to base 9.
40
What is -2 (base 15) in base 12?
-2
-404 (base 5) to base 3
-10212
6 (base 14) to base 6
10
What is -7 (base 15) in base 7?
-10
-5 (base 16) to base 3
-12
What is -2 (base 16) in base 15?
-2
Convert 10 (base 6) to base 5.
11
5 (base 12) to base 16
5
What is -313 (base 4) in base 9?
-61
3 (base 12) to base 14
3
-21212 (base 3) to base 2
-11010100
What is 52 (base 9) in base 6?
115
Convert 34 (base 11) to base 10.
37
-2 (base 15) to base 6
-2
What is 28 (base 9) in base 8?
32
-251 (base 9) to base 4
-3100
8 (base 13) to base 5
13
Convert -211 (base 5) to base 7.
-110
Convert -72 (base 12) to base 2.
-1010110
What is -443 (base 6) in base 16?
-ab
Convert -3a (base 16) to base 2.
-111010
1 (base 6) to base 9
1
What is 10101 (base 2) in base 12?
19
What is 84 (base 10) in base 3?
10010
What is -5 (base 16) in base 3?
-12
Convert 6 (base 15) to base 12.
6
1101 (base 2) to base 9
14
What is a (base 16) in base 8?
12
Convert 3 (base 10) to base 6.
3
What is 8 (base 12) in base 9?
8
What is -25 (base 8) in base 11?
-1a
16 (base 11) to base 6
25
What is 3 (base 6) in base 16?
3
Convert -13 (base 5) to base 13.
-8
What is -161 (base 8) in base 14?
-81
What is 1 (base 8) in base 3?
1
Convert 2101 (base 3) to base 16.
40
-11 (base 5) to base 4
-12
147 (base 11) to base 6
444
Convert 73 (base 8) to base 13.
47
What is 2 (base 7) in base 16?
2
Convert 20 (base 4) to base 11.
8
Convert 13 (base 8) to base 13.
b
-1110 (base 2) to base 4
-32
-15 (base 8) to base 4
-31
7 (base 15) to base 3
21
Convert -56 (base 9) to base 11.
-47
What is -13 (base 12) in base 8?
-17
243 (base 8) to base 10
163
What is -165 (base 8) in base 12?
-99
Convert 5 (base 16) to base 7.
5
-53 (base 8) to base 12
-37
What is 101011 (base 2) in base 9?
47
Convert -2b (base 14) to base 3.
-1110
61 (base 16) to base 4
1201
-11111 (base 2) to base 7
-43
What is -6 (base 13) in base 5?
-11
Convert -10 (base 4) to base 10.
-4
What is 26 (base 7) in base 10?
20
What is -14 (base 8) in base 9?
-13
303 (base 5) to base 16
4e
Convert -7 (base 15) to base 16.
-7
Convert 444 (base 6) to base 15.
b7
What is -4 (base 8) in base 9?
-4
34 (base 11) to base 6
101
What is 0 (base 10) in base 12?
0
Convert 1142 (base 5) to base 10.
172
-1 (base 6) to base 5
-1
What is -2 (base 8) in base 4?
-2
What is 51 (base 11) in base 10?
56
Convert -114 (base 5) to base 10.
-34
-b2 (base 14) to base 6
-420
Convert -1 (base 4) to base 13.
-1
Convert -101 (base 5) to base 16.
-1a
-14b (base 12) to base 5
-1303
What is -100 (base 4) in base 13?
-13
151 (base 6) to base 12
57
Convert 113 (base 5) to base 14.
25
5 (base 12) to base 4
11
What is -27 (base 14) in base 3?
-1022
21 (base 10) to base 8
25
198 (base 12) to base 15
125
19 (base 12) to base 4
111
Convert 2 (base 7) to base 5.
2
-65 (base 14) to base 15
-5e
1 (base 11) to base 10
1
Convert 21 (base 10) to base 13.
18
Convert -54 (base 7) to base 11.
-36
0 (base 2) to base 5
0
-2b (base 15) to base 8
-51
168 (base 9) to base 5
1033
a (base 14) to base 4
22
Convert -2 (base 10) to base 14.
-2
-12 (base 5) to base 3
-21
What is 32 (base 7) in base 10?
23
Convert -115 (base 11) to base 3.
-12002
What is -101 (base 2) in base 15?
-5
-12 (base 3) to base 8
-5
10000 (base 3) to base 16
51
Convert 1 (base 3) to base 9.
1
42 (base 15) to base 7
116
Convert -16 (base 10) to base 13.
-13
6 (base 8) to base 2
110
Convert 27 (base 11) to base 8.
35
18b (base 14) to base 16
13f
Convert -9 (base 10) to base 8.
-11
Convert 2 (base 4) to base 8.
2
Convert 21 (base 4) to base 2.
1001
-13 (base 5) to base 15
-8
Convert 61 (base 13) to base 12.
67
What is -4 (base 15) in base 5?
-4
4 (base 14) to base 11
4
What is -21020 (base 3) in base 12?
-143
Convert -100 (base 4) to base 8.
-20
What is -221 (base 3) in base 12?
-21
Convert 44 (base 8) to base 6.
100
Convert -41 (base 7) to base 5.
-104
What is 4 (base 11) in base 16?
4
Convert 0 (base 6) to base 4.
0
1100 (base 2) to base 3
110
Convert 1 (base 4) to base 3.
1
20 (base 11) to base 4
112
What is -3 (base 8) in base 5?
-3
23c (base 13) to base 7
1064
89 (base 12) to base 5
410
Convert 34 (base 10) to base 6.
54
What is -45 (base 7) in base 4?
-201
Convert -52 (base 8) to base 11.
-39
What is -10 (base 13) in base 5?
-23
18 (base 10) to base 16
12
3 (base 7) to base 16
3
Convert -71 (base 13) to base 5.
-332
Convert -1110 (base 2) to base 15.
-e
What is 1100 (base 2) in base 12?
10
What is -123 (base 9) in base 8?
-146
-4 (base 16) to base 14
-4
2c (base 14) to base 15
2a
What is -10 (base 4) in base 14?
-4
Convert -4 (base 16) to base 7.
-4
100101101 (base 2) to base 12
211
What is 67 (base 13) in base 16?
55
0 (base 5) to base 9
0
What is 36 (base 8) in base 16?
1e
What is -100 (base 2) in base 10?
-4
310 (base 4) to base 3
1221
What is 10 (base 12) in base 2?
1100
Convert -2 (base 9) to base 16.
-2
Convert -41 (base 9) to base 2.
-100101
-4 (base 10) to base 2
-100
Convert 67 (base 9) to base 14.
45
What is -1 (base 14) in base 10?
-1
2 (base 15) to base 6
2
Convert 1111 (base 2) to base 15.
10
Convert 10 (base 2) to base 5.
2
Convert -52 (base 14) to base 15.
-4c
What is -101 (base 2) in base 13?
-5
Convert -5 (base 8) to base 5.
-10
Convert -350 (base 8) to base 7.
-451
-4 (base 11) to base 16
-4
What is 20 (base 7) in base 4?
32
Convert 43 (base 5) to base 10.
23
What is -103 (base 12) in base 16?
-93
Convert 176 (base 9) to base 3.
12120
What is 1 (base 11) in base 10?
1
What is 48 (base 13) in base 6?
140
9 (base 14) to base 12
9
Convert -110 (base 2) to base 14.
-6
7 (base 15) to base 9
7
Convert -5 (base 12) to base 13.
-5
What is 2 (base 12) in base 9?
2
105 (base 8) to base 12
59
What is -3 (base 7) in base 5?
-3
What is 2213 (base 4) in base 8?
247
What is -2132 (base 4) in base 3?
-12212
What is 12 (base 